{"id":1693,"date":"2024-08-30T14:38:13","date_gmt":"2024-08-30T12:38:13","guid":{"rendered":"https:\/\/marclaffolay.com\/?page_id=1693"},"modified":"2024-11-09T12:36:59","modified_gmt":"2024-11-09T11:36:59","slug":"i-wish","status":"publish","type":"page","link":"https:\/\/marclaffolay.com\/?page_id=1693","title":{"rendered":""},"content":{"rendered":"\n<div class=\"wp-block-group is-nowrap is-layout-flex wp-container-core-group-is-layout-6c531013 wp-block-group-is-layout-flex\"><\/div>\n\n\n\n<div class=\"wp-block-columns alignwide is-layout-flex wp-container-core-columns-is-layout-28f84493 wp-block-columns-is-layout-flex\">\n<div class=\"wp-block-column is-layout-flow wp-block-column-is-layout-flow\">\n<figure class=\"wp-block-image size-large\"><a href=\"https:\/\/marclaffolay.com\/wp-content\/uploads\/iwishiwasacherryprincipal-scaled.jpg\"><img loading=\"lazy\" decoding=\"async\" width=\"683\" height=\"1024\" src=\"https:\/\/marclaffolay.com\/wp-content\/uploads\/iwishiwasacherryprincipal-683x1024.jpg\" alt=\"Sculpture ayant pour titre I WISH I WAS A CHERRY\" class=\"wp-image-1694\" style=\"object-fit:cover\" srcset=\"https:\/\/marclaffolay.com\/wp-content\/uploads\/iwishiwasacherryprincipal-683x1024.jpg 683w, https:\/\/marclaffolay.com\/wp-content\/uploads\/iwishiwasacherryprincipal-200x300.jpg 200w, https:\/\/marclaffolay.com\/wp-content\/uploads\/iwishiwasacherryprincipal-768x1152.jpg 768w, https:\/\/marclaffolay.com\/wp-content\/uploads\/iwishiwasacherryprincipal-1024x1536.jpg 1024w, https:\/\/marclaffolay.com\/wp-content\/uploads\/iwishiwasacherryprincipal-1365x2048.jpg 1365w, https:\/\/marclaffolay.com\/wp-content\/uploads\/iwishiwasacherryprincipal-scaled.jpg 1707w\" sizes=\"auto, (max-width: 683px) 100vw, 683px\" \/><\/a><\/figure>\n<\/div>\n\n\n\n<div class=\"wp-block-column is-layout-flow wp-block-column-is-layout-flow\">\n<div class=\"wp-block-group is-vertical is-content-justification-center is-layout-flex wp-container-core-group-is-layout-ce155fab wp-block-group-is-layout-flex\">\n<p class=\"has-text-align-center\">I WISH I WAS A CHERRY<br>131 x 21 x 10 cm \u2013 51,6 x 8,3 x 4 in<br>Acacia<\/p>\n\n\n\n<p class=\"has-text-align-center\"><\/p>\n\n\n\n<p class=\"has-text-align-center\">PRIVATE COLLECTION \u2013 SAOUDI ARABIA<\/p>\n\n\n\n<p class=\"has-text-align-center\"><\/p>\n\n\n\n<p class=\"has-text-align-center\"><\/p>\n<\/div>\n\n\n\n<div class=\"wp-block-group is-vertical is-content-justification-center is-layout-flex wp-container-core-group-is-layout-ce155fab wp-block-group-is-layout-flex\">\n<div class=\"wp-block-columns is-layout-flex wp-container-core-columns-is-layout-28f84493 wp-block-columns-is-layout-flex\">\n<div class=\"wp-block-column is-layout-flow wp-block-column-is-layout-flow\">\n<figure class=\"wp-block-image size-large is-resized\"><a href=\"https:\/\/marclaffolay.com\/wp-content\/uploads\/iwishfocus1.jpg\"><img loading=\"lazy\" decoding=\"async\" width=\"1024\" height=\"1024\" src=\"https:\/\/marclaffolay.com\/wp-content\/uploads\/iwishfocus1-1024x1024.jpg\" alt=\"D\u00e9tail de la sculpture ayant pour titre I WISH I WAS A CHERRY\" class=\"wp-image-1695\" style=\"width:auto;height:100px\" srcset=\"https:\/\/marclaffolay.com\/wp-content\/uploads\/iwishfocus1-1024x1024.jpg 1024w, https:\/\/marclaffolay.com\/wp-content\/uploads\/iwishfocus1-300x300.jpg 300w, https:\/\/marclaffolay.com\/wp-content\/uploads\/iwishfocus1-150x150.jpg 150w, https:\/\/marclaffolay.com\/wp-content\/uploads\/iwishfocus1-768x768.jpg 768w, https:\/\/marclaffolay.com\/wp-content\/uploads\/iwishfocus1.jpg 1200w\" sizes=\"auto, (max-width: 1024px) 100vw, 1024px\" \/><\/a><\/figure>\n<\/div>\n\n\n\n<div class=\"wp-block-column is-layout-flow wp-block-column-is-layout-flow\">\n<figure class=\"wp-block-image size-large is-resized\"><a href=\"https:\/\/marclaffolay.com\/wp-content\/uploads\/iwishfocus2.jpg\"><img loading=\"lazy\" decoding=\"async\" width=\"1024\" height=\"1024\" src=\"https:\/\/marclaffolay.com\/wp-content\/uploads\/iwishfocus2-1024x1024.jpg\" alt=\"D\u00e9tail de la sculpture ayant pour titre I WISH I WAS A CHERRY\" class=\"wp-image-1696\" style=\"width:auto;height:100px\" srcset=\"https:\/\/marclaffolay.com\/wp-content\/uploads\/iwishfocus2-1024x1024.jpg 1024w, https:\/\/marclaffolay.com\/wp-content\/uploads\/iwishfocus2-300x300.jpg 300w, https:\/\/marclaffolay.com\/wp-content\/uploads\/iwishfocus2-150x150.jpg 150w, https:\/\/marclaffolay.com\/wp-content\/uploads\/iwishfocus2-768x768.jpg 768w, https:\/\/marclaffolay.com\/wp-content\/uploads\/iwishfocus2.jpg 1200w\" sizes=\"auto, (max-width: 1024px) 100vw, 1024px\" \/><\/a><\/figure>\n<\/div>\n\n\n\n<div class=\"wp-block-column is-layout-flow wp-block-column-is-layout-flow\">\n<figure class=\"wp-block-image size-large is-resized\"><a href=\"https:\/\/marclaffolay.com\/wp-content\/uploads\/iwishfocus3.jpg\"><img loading=\"lazy\" decoding=\"async\" width=\"1024\" height=\"1024\" src=\"https:\/\/marclaffolay.com\/wp-content\/uploads\/iwishfocus3-1024x1024.jpg\" alt=\"D\u00e9tail de la sculpture ayant pour titre I WISH I WAS A CHERRY\" class=\"wp-image-1697\" style=\"width:auto;height:100px\" srcset=\"https:\/\/marclaffolay.com\/wp-content\/uploads\/iwishfocus3-1024x1024.jpg 1024w, https:\/\/marclaffolay.com\/wp-content\/uploads\/iwishfocus3-300x300.jpg 300w, https:\/\/marclaffolay.com\/wp-content\/uploads\/iwishfocus3-150x150.jpg 150w, https:\/\/marclaffolay.com\/wp-content\/uploads\/iwishfocus3-768x768.jpg 768w, https:\/\/marclaffolay.com\/wp-content\/uploads\/iwishfocus3.jpg 1200w\" sizes=\"auto, (max-width: 1024px) 100vw, 1024px\" \/><\/a><\/figure>\n<\/div>\n<\/div>\n<\/div>\n\n\n\n<div class=\"wp-block-group is-vertical is-layout-flex wp-container-core-group-is-layout-fe9cc265 wp-block-group-is-layout-flex\"><\/div>\n\n\n\n<div class=\"wp-block-group is-vertical is-content-justification-center is-layout-flex wp-container-core-group-is-layout-ce155fab wp-block-group-is-layout-flex\">\n<figure class=\"wp-block-image size-full\"><a href=\"https:\/\/marclaffolay.com\/?page_id=435\"><img loading=\"lazy\" decoding=\"async\" width=\"64\" height=\"64\" src=\"https:\/\/marclaffolay.com\/wp-content\/uploads\/site\/retour64.png\" alt=\"\" class=\"wp-image-1209\"\/><\/a><\/figure>\n<\/div>\n\n\n\n<div class=\"wp-block-group is-vertical is-content-justification-center is-layout-flex wp-container-core-group-is-layout-ce155fab wp-block-group-is-layout-flex\"><\/div>\n\n\n\n<div class=\"wp-block-group is-vertical is-content-justification-center is-layout-flex wp-container-core-group-is-layout-ce155fab wp-block-group-is-layout-flex\">\n<p class=\"has-text-align-center\"><a href=\"https:\/\/marclaffolay.com\/?page_id=721\"><strong>RENSEIGNEMENTS \/ ENQUIRE<\/strong><\/a><\/p>\n<\/div>\n<\/div>\n<\/div>\n","protected":false},"excerpt":{"rendered":"<p>I WISH I WAS A CHERRY131 x 21 x 10 cm \u2013 51,6 x 8,3 x 4 inAcacia PRIVATE COLLECTION \u2013 SAOUDI ARABIA RENSEIGNEMENTS \/ ENQUIRE<\/p>\n","protected":false},"author":1,"featured_media":0,"parent":0,"menu_order":0,"comment_status":"closed","ping_status":"closed","template":"","meta":{"footnotes":""},"class_list":["post-1693","page","type-page","status-publish","hentry"],"yoast_head":"<!-- This site is optimized with the Yoast SEO plugin v27.4 - https:\/\/yoast.com\/product\/yoast-seo-wordpress\/ -->\n<title>I wish - MARC LAFFOLAY<\/title>\n<meta name=\"description\" content=\"D\u00e9couvrez la sculpture I WISH I WAS A CHERRY ,\u0153uvre de Marc Laffolay. Caract\u00e9ristiques : 131 x 21 x 10 cm \u2013 51,6 x 8,3 x 4 in, Acacia\" \/>\n<meta name=\"robots\" content=\"index, follow, max-snippet:-1, max-image-preview:large, max-video-preview:-1\" \/>\n<link rel=\"canonical\" href=\"https:\/\/marclaffolay.com\/?page_id=1693\" \/>\n<meta property=\"og:locale\" content=\"fr_FR\" \/>\n<meta property=\"og:type\" content=\"article\" \/>\n<meta property=\"og:title\" content=\"I wish - MARC LAFFOLAY\" \/>\n<meta property=\"og:description\" content=\"D\u00e9couvrez la sculpture I WISH I WAS A CHERRY ,\u0153uvre de Marc Laffolay. Caract\u00e9ristiques : 131 x 21 x 10 cm \u2013 51,6 x 8,3 x 4 in, Acacia\" \/>\n<meta property=\"og:url\" content=\"https:\/\/marclaffolay.com\/?page_id=1693\" \/>\n<meta property=\"og:site_name\" content=\"MARC LAFFOLAY\" \/>\n<meta property=\"article:modified_time\" content=\"2024-11-09T11:36:59+00:00\" \/>\n<meta property=\"og:image\" content=\"https:\/\/marclaffolay.com\/wp-content\/uploads\/iwishiwasacherryprincipal-scaled.jpg\" \/>\n\t<meta property=\"og:image:width\" content=\"1707\" \/>\n\t<meta property=\"og:image:height\" content=\"2560\" \/>\n\t<meta property=\"og:image:type\" content=\"image\/jpeg\" \/>\n<meta name=\"twitter:card\" content=\"summary_large_image\" \/>\n<meta name=\"twitter:label1\" content=\"Dur\u00e9e de lecture estim\u00e9e\" \/>\n\t<meta name=\"twitter:data1\" content=\"2 minutes\" \/>\n<script type=\"application\/ld+json\" class=\"yoast-schema-graph\">{\"@context\":\"https:\\\/\\\/schema.org\",\"@graph\":[{\"@type\":\"WebPage\",\"@id\":\"https:\\\/\\\/marclaffolay.com\\\/?page_id=1693\",\"url\":\"https:\\\/\\\/marclaffolay.com\\\/?page_id=1693\",\"name\":\"I wish - MARC LAFFOLAY\",\"isPartOf\":{\"@id\":\"https:\\\/\\\/marclaffolay.com\\\/#website\"},\"primaryImageOfPage\":{\"@id\":\"https:\\\/\\\/marclaffolay.com\\\/?page_id=1693#primaryimage\"},\"image\":{\"@id\":\"https:\\\/\\\/marclaffolay.com\\\/?page_id=1693#primaryimage\"},\"thumbnailUrl\":\"https:\\\/\\\/marclaffolay.com\\\/wp-content\\\/uploads\\\/iwishiwasacherryprincipal-683x1024.jpg\",\"datePublished\":\"2024-08-30T12:38:13+00:00\",\"dateModified\":\"2024-11-09T11:36:59+00:00\",\"description\":\"D\u00e9couvrez la sculpture I WISH I WAS A CHERRY ,\u0153uvre de Marc Laffolay. Caract\u00e9ristiques : 131 x 21 x 10 cm \u2013 51,6 x 8,3 x 4 in, Acacia\",\"breadcrumb\":{\"@id\":\"https:\\\/\\\/marclaffolay.com\\\/?page_id=1693#breadcrumb\"},\"inLanguage\":\"fr-FR\",\"potentialAction\":[{\"@type\":\"ReadAction\",\"target\":[\"https:\\\/\\\/marclaffolay.com\\\/?page_id=1693\"]}]},{\"@type\":\"ImageObject\",\"inLanguage\":\"fr-FR\",\"@id\":\"https:\\\/\\\/marclaffolay.com\\\/?page_id=1693#primaryimage\",\"url\":\"https:\\\/\\\/marclaffolay.com\\\/wp-content\\\/uploads\\\/iwishiwasacherryprincipal-scaled.jpg\",\"contentUrl\":\"https:\\\/\\\/marclaffolay.com\\\/wp-content\\\/uploads\\\/iwishiwasacherryprincipal-scaled.jpg\",\"width\":1707,\"height\":2560},{\"@type\":\"BreadcrumbList\",\"@id\":\"https:\\\/\\\/marclaffolay.com\\\/?page_id=1693#breadcrumb\",\"itemListElement\":[{\"@type\":\"ListItem\",\"position\":1,\"name\":\"Accueil\",\"item\":\"https:\\\/\\\/marclaffolay.com\\\/\"},{\"@type\":\"ListItem\",\"position\":2,\"name\":\"I wish\"}]},{\"@type\":\"WebSite\",\"@id\":\"https:\\\/\\\/marclaffolay.com\\\/#website\",\"url\":\"https:\\\/\\\/marclaffolay.com\\\/\",\"name\":\"MARC LAFFOLAY\",\"description\":\"Artiste Marc Laffolay\",\"potentialAction\":[{\"@type\":\"SearchAction\",\"target\":{\"@type\":\"EntryPoint\",\"urlTemplate\":\"https:\\\/\\\/marclaffolay.com\\\/?s={search_term_string}\"},\"query-input\":{\"@type\":\"PropertyValueSpecification\",\"valueRequired\":true,\"valueName\":\"search_term_string\"}}],\"inLanguage\":\"fr-FR\"}]}<\/script>\n<!-- \/ Yoast SEO plugin. -->","yoast_head_json":{"title":"I wish - MARC LAFFOLAY","description":"D\u00e9couvrez la sculpture I WISH I WAS A CHERRY ,\u0153uvre de Marc Laffolay. Caract\u00e9ristiques : 131 x 21 x 10 cm \u2013 51,6 x 8,3 x 4 in, Acacia","robots":{"index":"index","follow":"follow","max-snippet":"max-snippet:-1","max-image-preview":"max-image-preview:large","max-video-preview":"max-video-preview:-1"},"canonical":"https:\/\/marclaffolay.com\/?page_id=1693","og_locale":"fr_FR","og_type":"article","og_title":"I wish - MARC LAFFOLAY","og_description":"D\u00e9couvrez la sculpture I WISH I WAS A CHERRY ,\u0153uvre de Marc Laffolay. Caract\u00e9ristiques : 131 x 21 x 10 cm \u2013 51,6 x 8,3 x 4 in, Acacia","og_url":"https:\/\/marclaffolay.com\/?page_id=1693","og_site_name":"MARC LAFFOLAY","article_modified_time":"2024-11-09T11:36:59+00:00","og_image":[{"width":1707,"height":2560,"url":"https:\/\/marclaffolay.com\/wp-content\/uploads\/iwishiwasacherryprincipal-scaled.jpg","type":"image\/jpeg"}],"twitter_card":"summary_large_image","twitter_misc":{"Dur\u00e9e de lecture estim\u00e9e":"2 minutes"},"schema":{"@context":"https:\/\/schema.org","@graph":[{"@type":"WebPage","@id":"https:\/\/marclaffolay.com\/?page_id=1693","url":"https:\/\/marclaffolay.com\/?page_id=1693","name":"I wish - MARC LAFFOLAY","isPartOf":{"@id":"https:\/\/marclaffolay.com\/#website"},"primaryImageOfPage":{"@id":"https:\/\/marclaffolay.com\/?page_id=1693#primaryimage"},"image":{"@id":"https:\/\/marclaffolay.com\/?page_id=1693#primaryimage"},"thumbnailUrl":"https:\/\/marclaffolay.com\/wp-content\/uploads\/iwishiwasacherryprincipal-683x1024.jpg","datePublished":"2024-08-30T12:38:13+00:00","dateModified":"2024-11-09T11:36:59+00:00","description":"D\u00e9couvrez la sculpture I WISH I WAS A CHERRY ,\u0153uvre de Marc Laffolay. Caract\u00e9ristiques : 131 x 21 x 10 cm \u2013 51,6 x 8,3 x 4 in, Acacia","breadcrumb":{"@id":"https:\/\/marclaffolay.com\/?page_id=1693#breadcrumb"},"inLanguage":"fr-FR","potentialAction":[{"@type":"ReadAction","target":["https:\/\/marclaffolay.com\/?page_id=1693"]}]},{"@type":"ImageObject","inLanguage":"fr-FR","@id":"https:\/\/marclaffolay.com\/?page_id=1693#primaryimage","url":"https:\/\/marclaffolay.com\/wp-content\/uploads\/iwishiwasacherryprincipal-scaled.jpg","contentUrl":"https:\/\/marclaffolay.com\/wp-content\/uploads\/iwishiwasacherryprincipal-scaled.jpg","width":1707,"height":2560},{"@type":"BreadcrumbList","@id":"https:\/\/marclaffolay.com\/?page_id=1693#breadcrumb","itemListElement":[{"@type":"ListItem","position":1,"name":"Accueil","item":"https:\/\/marclaffolay.com\/"},{"@type":"ListItem","position":2,"name":"I wish"}]},{"@type":"WebSite","@id":"https:\/\/marclaffolay.com\/#website","url":"https:\/\/marclaffolay.com\/","name":"MARC LAFFOLAY","description":"Artiste Marc Laffolay","potentialAction":[{"@type":"SearchAction","target":{"@type":"EntryPoint","urlTemplate":"https:\/\/marclaffolay.com\/?s={search_term_string}"},"query-input":{"@type":"PropertyValueSpecification","valueRequired":true,"valueName":"search_term_string"}}],"inLanguage":"fr-FR"}]}},"_links":{"self":[{"href":"https:\/\/marclaffolay.com\/index.php?rest_route=\/wp\/v2\/pages\/1693","targetHints":{"allow":["GET"]}}],"collection":[{"href":"https:\/\/marclaffolay.com\/index.php?rest_route=\/wp\/v2\/pages"}],"about":[{"href":"https:\/\/marclaffolay.com\/index.php?rest_route=\/wp\/v2\/types\/page"}],"author":[{"embeddable":true,"href":"https:\/\/marclaffolay.com\/index.php?rest_route=\/wp\/v2\/users\/1"}],"replies":[{"embeddable":true,"href":"https:\/\/marclaffolay.com\/index.php?rest_route=%2Fwp%2Fv2%2Fcomments&post=1693"}],"version-history":[{"count":2,"href":"https:\/\/marclaffolay.com\/index.php?rest_route=\/wp\/v2\/pages\/1693\/revisions"}],"predecessor-version":[{"id":2354,"href":"https:\/\/marclaffolay.com\/index.php?rest_route=\/wp\/v2\/pages\/1693\/revisions\/2354"}],"wp:attachment":[{"href":"https:\/\/marclaffolay.com\/index.php?rest_route=%2Fwp%2Fv2%2Fmedia&parent=1693"}],"curies":[{"name":"wp","href":"https:\/\/api.w.org\/{rel}","templated":true}]}}